9*f**3 + f**2 + f + 1. Let m be (-12)/(-54) - 22/18. Is r(m) prime?
False
Suppose 0*i = -i - 2*r, -3*i - 2*r = 4. Let n(v) = -2*v + 1. Let p be n(i). Suppose 43 + 112 = p*z. Is z a prime number?
True
Let a = -5 + 4. Let s = a - -5. Suppose -2*w + s*w - 74 = 0. Is w prime?
True
Suppose 0 = -2*o + 8, -3*o = -n - o + 2811. Is n prime?
True
Let j be 1 + 1 - (-3 - -2). Suppose 2*b = -t - 3*t + 8, -16 = -5*t - b. Is (-6)/(((-8)/j)/t) a composite number?
True
Let v(l) = -98*l + 31. Is v(-9) composite?
True
Suppose -4*r = d + r - 24, -2*d + 3*r + 22 = 0. Let u(c) = c**2 - 8*c + 10. Let x be u(7). Suppose 4*f - x*f = d. Is f composite?
True
Suppose 65 + 105 = 5*c - 5*w, 2*c - w = 71. Suppose -5*n = 38 + c. Is 109/5 + (-3)/n composite?
True
Let l(a) = -1 - 2*a**2 - 7*a + 5 + a**2. Let k be l(5). Let j = k + 151. Is j composite?
True
Let z(s) = -9*s**3 + 3*s**2 + 8*s - 5. Is z(-4) a composite number?
False
Let y(k) = 8*k. Let v be y(1). Let f = v - 5. Is f a composite number?
False
Is ((-255)/12)/(1/(-4)) a prime number?
False
Let c = 2379 - 1688. Is c composite?
False
Suppose -4*p - 3*l = -2607, 2*p - 1306 = -0*p - 4*l. Suppose 3*g = 5*v - g - p, v + 3*g - 134 = 0. Is v composite?
False
Suppose 7*s + 860 = 2*s. Let h = s + 246. Is h a prime number?
False
Suppose a = -17 + 156. Is a a prime number?
True
Let f = 189 + 190. Is f composite?
False
Let i(v) = v**3 + 6*v**2 + 2*v + 4. Let d be i(-5). Suppose 3*w - 155 = d. Is w composite?
True
Let k be (-10)/25 + (-12)/(-5). Suppose 0 = -k*p + 14 + 56. Is p a composite number?
True
Suppose 7*j + 1037 = 4*t + 2*j, t + 4*j = 233. Is t prime?
False
Is (4/((-48)/(-2454)))/(2/4) a prime number?
True
Let z = 9 - 3. Suppose -d + 4*i + 19 = 0, 2*d + 1 = -2*i - 1. Suppose -d*n - 39 = -z*n. Is n prime?
True
Suppose 5 = -m - 0*m. Let d(j) = 3*j**2 + 5*j - 4. Is d(m) composite?
True
Suppose 0 = 41*l - 45*l + 8212. Is l a prime number?
True
Suppose 12*k = k + 1958. Is k a composite number?
True
Suppose 4 = -3*d - 2*p + 79, 4*p = -3*d + 69. Suppose -3*i = -42 - d. Is i a composite number?
False
Let y(s) = 70*s**2 - 1. Let x be y(1). Let a = 118 - x. Is a prime?
False
Let n(v) = 3*v**2 + 4*v. Is n(3) a composite number?
True
Let d be -4 + 2 + (-1 - -8). Let s(h) be the second derivative of 2*h**3/3 + h**2 + 2*h. Is s(d) composite?
True
Suppose 237 = 2*n - 319. Suppose -y = -3*y + n. Is y a composite number?
False
Let x(d) = 11*d**2 + 11*d - 6. Let a be x(7). Suppose -a - 55 = -5*c. Is c prime?
False
Let f = -6 - -4. Suppose -5*s + 1247 = -1663. Is (3/(-9))/(f/s) composite?
False
Suppose 2*r - 20 = -2*r, 0 = -3*b + 3*r + 144. Suppose -3*d = -12 + 3. Is b + 1/(d/6) a composite number?
True
Let c(j) = -7*j + 11. Let p(d) = 6*d - 10. Suppose -3*f + 16 = -7*f. Let n(y) = f*p(y) - 3*c(y). Is n(-10) a composite number?
False
Suppose 5*b - 1714 = -3*y - 642, 0 = -b + y + 216. Suppose b = -5*x + 1500. Is x composite?
False
Is -2 + (14886/(-1))/(-6) a prime number?
False
Suppose 4*q - 5*i = 23, 4*q + i = -0*i + 5. Suppose -q*r = r - 471. Is r a prime number?
True
Let j(q) = -q + 2. Let a be j(6). Let h be 6/(-4)*a/(-3). Is (3/1)/(h/(-6)) composite?
True
Let q(i) = -2*i**3 - i**2 + i - 3. Let n be q(-3). Suppose -5*r = l - n, -2*r + 26 = r - 2*l. Suppose r*v - 115 = 3*v. Is v a composite number?
False
Let c(m) be the first derivative of 4 - 5/4*m**4 + 3/2*m**2 - 1/3*m**3 + m. Is c(-2) prime?
True
Suppose 0 = 4*i + 5*b - 2, -i = -b - 0*b + 4. Is ((-11)/(-4))/(i/(-104)) a prime number?
False
Suppose v - 5*v - 19 = 3*z, -3*z + 2*v - 13 = 0. Let n(h) = -7*h + 3. Let p(o) = -4*o + 2. Let x(k) = 3*n(k) - 5*p(k). Is x(z) composite?
True
Is ((-338)/5)/(4/(-10)) composite?
True
Suppose 0 = -10*d + 7*d + 1437. Is d a composite number?
False
Let p(l) = 5*l**2 - 5*l - 3. Let m be p(4). Let t = -4 - -12. Suppose -5*c + t = -m. Is c prime?
True
Suppose -8*w + 10*w = 290. Is w prime?
False
Let r(q) = -q**2 + 31. Let h(l) = -l + 4. Let g be h(3). Let k be g/5 + (-1)/5. Is r(k) composite?
False
Let o = -1680 + 2575. Suppose 5*d + 5*c - o = 0, 0 = -7*c + 3*c. Is d a composite number?
False
Let l = 739 - -450. Is l a composite number?
True
Suppose q + 10 = b + 3*q, 3*b = 4*q. Suppose -b = 5*k - 24. Suppose 0 = t - k - 2. Is t a composite number?
True
Suppose 0*i = -3*i. Suppose -2*a + a = i. Suppose a = -5*j + 6*j - 47. Is j composite?
False
Let t be 9/(-6)*620/(-6). Suppose -4*d - n = -626, -d - 3*n = -2*n - t. Is d composite?
False
Is (-9620)/(-13) + 1/(0 + -1) a composite number?
False
Is 8654/(-4*(-5)/10) a prime number?
True
Suppose -2*s - 5*u = 3*s + 105, -5*s - 97 = -3*u. Let v = s + 73. Is v a prime number?
True
Is (-1 + 0)*(-1)/(5/26735) a prime number?
True
Let n = -2 - -7. Suppose 5*c - n*v = 0, v + 2 = -3*c + 18. Suppose 3*o = 2*l - 63 + 2, c*l + 4*o = 92. Is l prime?
False
Let u(x) = x**3 + 7*x**2 - 7*x + 8. Let y be u(-8). Suppose -2*j + 191 + 63 = y. Is j a prime number?
True
Suppose -h + 15 = -18. Is h composite?
True
Suppose 4*h - 14 + 6 = 0. Is (-144)/(-4) - (1 - h) prime?
True
Suppose -5*t + 2*n = -2*n - 17535, 3*n = 2*t - 7007. Is t composite?
False
Let p(s) = 2*s + 737. Is p(0) prime?
False
Suppose 6 = 2*u, -2*u + 4*u + 150 = -4*c. Let t = 65 + c. Suppose z = -0*z - 2*w + t, -4*z + w + 86 = 0. Is z a prime number?
False
Let x = 7 - 3. Suppose -x*b + 98 = -50. Is b a prime number?
True
Let w be -2*1*(-3 - -7). Let g = w + -32. Let y = g - -77. Is y prime?
True
Suppose -4*x = -0 - 4. Let a(o) = o - 4*o + x - 4 + 1. Is a(-7) prime?
True
Let m(x) be the third derivative of -5*x**4/8 - x**3/6 + 2*x**2. Let b be m(-4). Let q = -10 + b. Is q a composite number?
True
Let u(g) = -50*g - 49*g - 16*g - 46*g. Is u(-1) a composite number?
True
Let v = 8 - 3. Suppose -47 = -v*q + 698. Is q composite?
False
Let m be (2 + -32)*(-28)/8. Let o = 194 - m. Is o prime?
True
Is 4 + -2 - 3*-21 prime?
False
Let f be (422/4)/(1/2). Let q = 448 - f. Suppose 4*s - q - 47 = 0. Is s a composite number?
False
Suppose -4880 + 761 = -3*h. Is h composite?
False
Let p = 282 - 156. Let u = -7 + p. Is u prime?
False
Let x(k) = -4*k - 11. Let b be x(-10). Suppose -o + b = c, -3*c - 14 - 139 = -5*o. Is (-524)/(-10) - (-18)/o prime?
True
Let m = -8 + 28. Let f be 9 + -6 + -2 + 1. Suppose -x + 53 = g, m = -f*x + g + 114. Is x a prime number?
False
Suppose 8319 = 42*u - 39*u. Is u composite?
True
Let u = -137 - -23. Is u/(-8) - 4/16 a composite number?
True
Suppose -419 = -3*q - 2*w, -q - 698 = -6*q - 3*w. Is q composite?
False
Let z(p) = 7*p**2 + 8*p + 9. Is z(-4) a composite number?
False
Suppose 4*g + y = -3, -5*g + g - 15 = 5*y. Suppose g = -5*b + 4*d + 19, -b + 5*d + 8 = 3*b. Suppose 2*s = b*s - t - 23, 0 = 2*s + 2*t - 2. Is s a prime number?
False
Let g = 2 + 5. Suppose 3*d - 164 = 3*h - g*h, 0 = -d + h + 50. Let s = -33 + d. Is s prime?
True
Let g be -258*(-3 - -4) - 0. Let h = 576 + g. Is ((-6)/18)/((-2)/h) composite?
False
Let q(a) be the first derivative of a**2/2 - 2*a + 4. Is q(5) a prime number?
True
Suppose 146 = -3*g - 730. Let x = 623 + g. Is x prime?
True
Let h be 76/28 + 4/14. Suppose q + 18 = h*l, -4*l - 3*q + 2*q + 31 = 0. Is l prime?
True
Suppose -7*r - 10 = -9*r. Suppose 3*b = -r + 1532. Is b composite?
False
Suppose -19 = -5*a - 4. Suppose -5*n + 3*n = 5*u + 714, a*n + u + 1045 = 0. Let h = n + 550. Is h composite?
True
Let h = -4 + 6. Suppose -y - 5 = 2*w, y - 3*w = w + 13. Is (78/4 - y)*h prime?
True
Suppose 3*q + 3*k - 5*k - 675 = 0, -4*k - 904 = -4*q. Is q prime?
True
Let p be 35 + (1 - 1)/(-1). Suppose -2*o + 203 = -p. Is o prime?
False
Let k = 4169 - 1486. Is k a composite number?
False
Let q be 84/3 + 2 + -1. Let k = q - 18. Suppose k = -0*b + b. Is b prime?
True
Is ((-28)/(-35))/(-2 - (-1836)/915) a composite number?
True
Suppose -3*h = -2*n - 32, -2*h + 2*n + 8 = -2*n. Is h a prime number?
False
Suppose 0 = -l - 0*l + 2. Suppose 2*d - l*j - 22 = 0, 5*d - 2*j = 29 + 29. Let s = -2 + d. Is s prime?
False
Let a = -74 + 201. Is a a prime number?
True
Suppose u - 5*u = -12. Suppose u*y + 3*v + v - 553 = 0, 2*y = -2*v + 372. Is y composite?
False
Suppose -i = -6*i + 15. Is (5/4)/(i/372) a composite number?
True
Suppose 3*y - 2*o - 1009 = -0*o, 3*y + 3*o = 999. Is y prime?
False
Suppose -5*h + 14 = -3*h. Suppose -3*z + 32 = -h. Is z a composite